{"id":82,"date":"2018-05-04T11:57:36","date_gmt":"2018-05-04T09:57:36","guid":{"rendered":"http:\/\/asso-antenne.fr\/?page_id=82"},"modified":"2023-02-02T11:57:32","modified_gmt":"2023-02-02T10:57:32","slug":"lassociation","status":"publish","type":"page","link":"https:\/\/asso-antenne.fr\/?page_id=82","title":{"rendered":"L&rsquo;association"},"content":{"rendered":"<p style=\"text-align: justify;\"><span style=\"font-family: arial, helvetica, sans-serif;\">L\u2019association Antenne, cr\u00e9\u00e9e en 1982, est une \u00e9manation de l\u2019Association de soutien au Comit\u00e9 de Probation et d\u2019Assistance aux Lib\u00e9r\u00e9s du Tribunal de Grande Instance, cr\u00e9\u00e9e \u00e0 Strasbourg en 1973. <\/span><\/p>\n<p style=\"text-align: justify;\"><span style=\"font-family: arial, helvetica, sans-serif;\">Par la cr\u00e9ation et la gestion de structures avec ou sans h\u00e9bergement, elle assure l\u2019accueil et l\u2019accompagnement social des personnes sortant d\u2019incarc\u00e9ration et des personnes en grande pr\u00e9carit\u00e9, visant leur insertion sociale et l\u2019acc\u00e8s \u00e0 l\u2019autonomie. <\/span><\/p>\n<p style=\"text-align: justify;\"><span style=\"font-family: arial, helvetica, sans-serif;\">Au fil de son histoire et des mutations des besoins dans les domaines qui sont les siens, les services de l\u2019association n\u2019ont cess\u00e9 de se diversifier, par la cr\u00e9ation de nouvelles r\u00e9ponses souvent innovantes et de nouveaux services adapt\u00e9s aux besoins rep\u00e9r\u00e9s.<\/span><\/p>\n<p style=\"text-align: justify;\"><span style=\"font-family: arial, helvetica, sans-serif;\">Aujourd\u2019hui, l\u2019association Antenne intervient dans le champ de l\u2019h\u00e9bergement et de l\u2019inclusion sociale et professionnelle des personnes en situation d\u2019exclusion. Pour ce faire, elle met en \u0153uvre diff\u00e9rents outils \u00e0 travers les \u00e9tablissements dont elle est gestionnaire : un Centre d\u2019H\u00e9bergement et de R\u00e9insertion Sociale (C.H.R.S.), un Centre d\u2019Accueil sans h\u00e9bergement, plusieurs Centres d\u2019H\u00e9bergement d\u2019Urgence (C.H.U.). <\/span><\/p>\n<p style=\"text-align: justify;\"><span style=\"font-family: arial, helvetica, sans-serif;\">D\u00e9finies par le Code de l\u2019action sociale et des familles (CASF, n\u00b08-Art.L312-1) en tant qu\u2019<em>\u00ab\u00a0\u00e9tablissements ou services comportant ou non un h\u00e9bergement, assurant<\/em> <em>l&rsquo;accueil, notamment dans les situations d&rsquo;urgence, le soutien ou l&rsquo;accompagnement social, l&rsquo;adaptation \u00e0 la vie active ou l&rsquo;insertion sociale et professionnelle des personnes ou des familles en difficult\u00e9 ou en situation de d\u00e9tresse\u00a0\u00bb<\/em>, ces structures interviennent aupr\u00e8s de personnes en situation d\u2019exclusion, dans les domaines de l\u2019accueil, l\u2019h\u00e9bergement, la r\u00e9insertion sociale et professionnelle. Avec pour objectif principal, comme le pr\u00e9voit l\u2019article L 345-1 du CASF, <em>\u00ab de faire acc\u00e9der les<\/em> <em>personnes qu\u2019ils prennent en charge \u00e0 l\u2019autonomie sociale<\/em> \u00bb.<\/span><\/p>\n","protected":false},"excerpt":{"rendered":"<p>L\u2019association Antenne, cr\u00e9\u00e9e en 1982, est une \u00e9manation de l\u2019Association de soutien au Comit\u00e9 de Probation et d\u2019Assistance aux Lib\u00e9r\u00e9s du Tribunal de Grande Instance, cr\u00e9\u00e9e \u00e0 Strasbourg en 1973. Par la cr\u00e9ation et la gestion de structures avec ou&hellip;&nbsp;<a href=\"https:\/\/asso-antenne.fr\/?page_id=82\" class=\"more-link\">Lire la suite<\/a><\/p>\n","protected":false},"author":1,"featured_media":0,"parent":0,"menu_order":2,"comment_status":"closed","ping_status":"closed","template":"","meta":{"footnotes":""},"class_list":["post-82","page","type-page","status-publish","hentry"],"_links":{"self":[{"href":"https:\/\/asso-antenne.fr\/index.php?rest_route=\/wp\/v2\/pages\/82","targetHints":{"allow":["GET"]}}],"collection":[{"href":"https:\/\/asso-antenne.fr\/index.php?rest_route=\/wp\/v2\/pages"}],"about":[{"href":"https:\/\/asso-antenne.fr\/index.php?rest_route=\/wp\/v2\/types\/page"}],"author":[{"embeddable":true,"href":"https:\/\/asso-antenne.fr\/index.php?rest_route=\/wp\/v2\/users\/1"}],"replies":[{"embeddable":true,"href":"https:\/\/asso-antenne.fr\/index.php?rest_route=%2Fwp%2Fv2%2Fcomments&post=82"}],"version-history":[{"count":7,"href":"https:\/\/asso-antenne.fr\/index.php?rest_route=\/wp\/v2\/pages\/82\/revisions"}],"predecessor-version":[{"id":743,"href":"https:\/\/asso-antenne.fr\/index.php?rest_route=\/wp\/v2\/pages\/82\/revisions\/743"}],"wp:attachment":[{"href":"https:\/\/asso-antenne.fr\/index.php?rest_route=%2Fwp%2Fv2%2Fmedia&parent=82"}],"curies":[{"name":"wp","href":"https:\/\/api.w.org\/{rel}","templated":true}]}}