{"id":149,"date":"2018-05-07T16:19:17","date_gmt":"2018-05-07T14:19:17","guid":{"rendered":"http:\/\/asso-antenne.fr\/?page_id=149"},"modified":"2018-05-10T10:42:45","modified_gmt":"2018-05-10T08:42:45","slug":"le-centre-dhebergement-et-de-reinsertion-sociale-lantenne-meinau","status":"publish","type":"page","link":"https:\/\/asso-antenne.fr\/?page_id=149","title":{"rendered":"Le C.H.R.S. \u00ab\u00a0L&rsquo;ANTENNE MEINAU\u00a0\u00bb"},"content":{"rendered":"<p style=\"text-align: justify;\"><img loading=\"lazy\" decoding=\"async\" class=\"size-medium wp-image-55 alignleft\" src=\"http:\/\/asso-antenne.fr\/wp-content\/uploads\/2018\/04\/Site-meinau-300x225.jpg\" alt=\"\" width=\"300\" height=\"225\" srcset=\"https:\/\/asso-antenne.fr\/wp-content\/uploads\/2018\/04\/Site-meinau-300x225.jpg 300w, https:\/\/asso-antenne.fr\/wp-content\/uploads\/2018\/04\/Site-meinau-768x576.jpg 768w, https:\/\/asso-antenne.fr\/wp-content\/uploads\/2018\/04\/Site-meinau-1024x768.jpg 1024w\" sizes=\"auto, (max-width: 300px) 100vw, 300px\" \/><span style=\"font-family: arial, helvetica, sans-serif;\">Le C.H.R.S. \u00ab\u00a0L&rsquo;Antenne Meinau\u00a0\u00bb est un \u00e9tablissement de type \u00e9clat\u00e9, implant\u00e9 dans le quartier de la Meinau. Son bureau d&rsquo;accueil se situe au 3 rue du G\u00e9n\u00e9ral Offenstein (67100), \u00e0 4 km du centre-ville, sur l&rsquo;axe nord-sud desservi par le TRAM direction Illkirch (Arr\u00eat Couffignal).<\/span><\/p>\n<p style=\"text-align: justify;\"><span style=\"font-family: arial, helvetica, sans-serif;\">Fort de sa mission de lutte contre la pauvret\u00e9 et l&rsquo;exclusion par son action d&rsquo;insertion, le C.H.R.S. est pr\u00e9vu en priorit\u00e9 pour accueillir des hommes en d\u00e9tresse sociale, faisant l&rsquo;objet d&rsquo;une d\u00e9cision de justice ou d&rsquo;une lev\u00e9e d&rsquo;\u00e9crou. Quel que soit le cas, les conditions d&rsquo;accueil doivent respecter la dignit\u00e9 des personnes. <\/span><span style=\"font-family: arial, helvetica, sans-serif;\">Le C.H.R.S. g\u00e8re huit logements CUS HABITAT au sein du quartier de la Meinau. Ils sont \u00e9clat\u00e9s au sein de la Cit\u00e9\u00a0 et sont les lieux de vie des r\u00e9sidents.<\/span><\/p>\n<p>&nbsp;<\/p>\n<p style=\"text-align: justify;\"><img loading=\"lazy\" decoding=\"async\" class=\"size-medium wp-image-252 alignleft\" src=\"http:\/\/asso-antenne.fr\/wp-content\/uploads\/2018\/05\/CHRS-Bureau-accueil-300x225.jpg\" alt=\"\" width=\"300\" height=\"225\" srcset=\"https:\/\/asso-antenne.fr\/wp-content\/uploads\/2018\/05\/CHRS-Bureau-accueil-300x225.jpg 300w, https:\/\/asso-antenne.fr\/wp-content\/uploads\/2018\/05\/CHRS-Bureau-accueil-768x576.jpg 768w, https:\/\/asso-antenne.fr\/wp-content\/uploads\/2018\/05\/CHRS-Bureau-accueil-1024x768.jpg 1024w, https:\/\/asso-antenne.fr\/wp-content\/uploads\/2018\/05\/CHRS-Bureau-accueil-360x270.jpg 360w\" sizes=\"auto, (max-width: 300px) 100vw, 300px\" \/><span style=\"font-family: arial, helvetica, sans-serif;\">Le bureau est accessible toute la journ\u00e9e. C&rsquo;est un lieu de passage obligatoire dans le fonctionnement du C.H.R.S. Les r\u00e9sidents peuvent s&rsquo;y pr\u00e9senter spontan\u00e9ment ou sur convocation de l&rsquo;\u00e9ducateur r\u00e9f\u00e9rent. <\/span><span style=\"font-family: arial, helvetica, sans-serif;\">Le bureau d&rsquo;accueil est compos\u00e9 d&rsquo;un bureau de permanence, d&rsquo;une cuisine, d&rsquo;une buanderie, d&rsquo;un poste t\u00e9l\u00e9phonique, d&rsquo;un lave-linge et d&rsquo;une pi\u00e8ce pour l&rsquo;accueil des r\u00e9sidents destin\u00e9e \u00e0 l&rsquo;affichage et \u00e0 l&rsquo;information (offres d&#8217;emploi, acc\u00e8s aux services sociaux, informations etc.).<\/span><\/p>\n<p>&nbsp;<\/p>\n<p style=\"text-align: justify;\"><span style=\"font-family: arial, helvetica, sans-serif;\"><img loading=\"lazy\" decoding=\"async\" class=\" wp-image-253 alignleft\" src=\"http:\/\/asso-antenne.fr\/wp-content\/uploads\/2018\/05\/Mission_CHRS-235x300.jpg\" alt=\"\" width=\"299\" height=\"382\" srcset=\"https:\/\/asso-antenne.fr\/wp-content\/uploads\/2018\/05\/Mission_CHRS-235x300.jpg 235w, https:\/\/asso-antenne.fr\/wp-content\/uploads\/2018\/05\/Mission_CHRS-768x981.jpg 768w, https:\/\/asso-antenne.fr\/wp-content\/uploads\/2018\/05\/Mission_CHRS-801x1024.jpg 801w, https:\/\/asso-antenne.fr\/wp-content\/uploads\/2018\/05\/Mission_CHRS-211x270.jpg 211w, https:\/\/asso-antenne.fr\/wp-content\/uploads\/2018\/05\/Mission_CHRS.jpg 1808w\" sizes=\"auto, (max-width: 299px) 100vw, 299px\" \/><\/span><\/p>\n<p>&nbsp;<\/p>\n<p style=\"text-align: justify;\"><span style=\"font-family: arial, helvetica, sans-serif;\">Les appartements sont compos\u00e9s de 3 chambres individuelles meubl\u00e9es, une cuisine \u00e9quip\u00e9e, une salle de bains, des sanitaires et un t\u00e9l\u00e9phone \u00e0 service restreint, limit\u00e9 \u00e0 la r\u00e9ception des appels.<\/span><\/p>\n<p style=\"text-align: justify;\"><span style=\"font-family: arial, helvetica, sans-serif;\">La dur\u00e9e du s\u00e9jour en CHRS varie de 6 \u00e0 12 mois en fonction du projet et de l&rsquo;avanc\u00e9e des projets des r\u00e9sidents. L&rsquo;ensemble de l&rsquo;\u00e9quipe du site est mobilis\u00e9e vers l&rsquo;accompagnement social des r\u00e9sident dont l&rsquo;objectif final reste la r\u00e9insertion sociale et professionnelle.<\/span><\/p>\n","protected":false},"excerpt":{"rendered":"<p>Le C.H.R.S. \u00ab\u00a0L&rsquo;Antenne Meinau\u00a0\u00bb est un \u00e9tablissement de type \u00e9clat\u00e9, implant\u00e9 dans le quartier de la Meinau. Son bureau d&rsquo;accueil se situe au 3 rue du G\u00e9n\u00e9ral Offenstein (67100), \u00e0 4 km du centre-ville, sur l&rsquo;axe nord-sud desservi par le&hellip;&nbsp;<a href=\"https:\/\/asso-antenne.fr\/?page_id=149\" class=\"more-link\">Lire la suite<\/a><\/p>\n","protected":false},"author":1,"featured_media":0,"parent":109,"menu_order":1,"comment_status":"closed","ping_status":"closed","template":"","meta":{"footnotes":""},"class_list":["post-149","page","type-page","status-publish","hentry"],"_links":{"self":[{"href":"https:\/\/asso-antenne.fr\/index.php?rest_route=\/wp\/v2\/pages\/149","targetHints":{"allow":["GET"]}}],"collection":[{"href":"https:\/\/asso-antenne.fr\/index.php?rest_route=\/wp\/v2\/pages"}],"about":[{"href":"https:\/\/asso-antenne.fr\/index.php?rest_route=\/wp\/v2\/types\/page"}],"author":[{"embeddable":true,"href":"https:\/\/asso-antenne.fr\/index.php?rest_route=\/wp\/v2\/users\/1"}],"replies":[{"embeddable":true,"href":"https:\/\/asso-antenne.fr\/index.php?rest_route=%2Fwp%2Fv2%2Fcomments&post=149"}],"version-history":[{"count":9,"href":"https:\/\/asso-antenne.fr\/index.php?rest_route=\/wp\/v2\/pages\/149\/revisions"}],"predecessor-version":[{"id":256,"href":"https:\/\/asso-antenne.fr\/index.php?rest_route=\/wp\/v2\/pages\/149\/revisions\/256"}],"up":[{"embeddable":true,"href":"https:\/\/asso-antenne.fr\/index.php?rest_route=\/wp\/v2\/pages\/109"}],"wp:attachment":[{"href":"https:\/\/asso-antenne.fr\/index.php?rest_route=%2Fwp%2Fv2%2Fmedia&parent=149"}],"curies":[{"name":"wp","href":"https:\/\/api.w.org\/{rel}","templated":true}]}}