{"id":109,"date":"2018-05-04T12:37:36","date_gmt":"2018-05-04T10:37:36","guid":{"rendered":"http:\/\/asso-antenne.fr\/?page_id=109"},"modified":"2018-05-11T19:25:00","modified_gmt":"2018-05-11T17:25:00","slug":"mission-justice","status":"publish","type":"page","link":"https:\/\/asso-antenne.fr\/?page_id=109","title":{"rendered":"Mission Justice"},"content":{"rendered":"<p style=\"text-align: justify;\"><span style=\"font-family: arial, helvetica, sans-serif;\"><img loading=\"lazy\" decoding=\"async\" class=\"size-medium wp-image-310 alignleft\" src=\"http:\/\/asso-antenne.fr\/wp-content\/uploads\/2018\/05\/justice-300x184.jpg\" alt=\"\" width=\"300\" height=\"184\" srcset=\"https:\/\/asso-antenne.fr\/wp-content\/uploads\/2018\/05\/justice-300x184.jpg 300w, https:\/\/asso-antenne.fr\/wp-content\/uploads\/2018\/05\/justice-360x221.jpg 360w, https:\/\/asso-antenne.fr\/wp-content\/uploads\/2018\/05\/justice.jpg 761w\" sizes=\"auto, (max-width: 300px) 100vw, 300px\" \/>Cette mission est \u00e0 l&rsquo;origine de la cr\u00e9ation de l&rsquo;association Antenne. Les personnes sortant d&rsquo;incarc\u00e9ration ou plac\u00e9es sous main de justice sont une part importante du public accompagn\u00e9 par Antenne. <\/span><\/p>\n<p style=\"text-align: justify;\"><span style=\"font-family: arial, helvetica, sans-serif;\">Pas moins de deux services pr\u00e9sents sur le quartier de la Meinau \u00e0 Strasbourg sont mobilis\u00e9s autour de la r\u00e9insertion sociale et professionnelle ainsi que de la pr\u00e9vention de la r\u00e9cidive des personnes ayant un pass\u00e9 judiciaire. Fort d&rsquo;une exp\u00e9rience de 45 ans dans la prise en charge et l&rsquo;accompagnement de ce public, nous occupons aujourd&rsquo;hui une place importante dans l&rsquo;action d\u00e9partementale et r\u00e9gionale judiciaire en tant que relais des politiques publiques li\u00e9es \u00e0 la Justice.<\/span><\/p>\n","protected":false},"excerpt":{"rendered":"<p>Cette mission est \u00e0 l&rsquo;origine de la cr\u00e9ation de l&rsquo;association Antenne. Les personnes sortant d&rsquo;incarc\u00e9ration ou plac\u00e9es sous main de justice sont une part importante du public accompagn\u00e9 par Antenne. Pas moins de deux services pr\u00e9sents sur le quartier de&hellip;&nbsp;<a href=\"https:\/\/asso-antenne.fr\/?page_id=109\" class=\"more-link\">Lire la suite<\/a><\/p>\n","protected":false},"author":1,"featured_media":0,"parent":0,"menu_order":0,"comment_status":"closed","ping_status":"closed","template":"","meta":{"footnotes":""},"class_list":["post-109","page","type-page","status-publish","hentry"],"_links":{"self":[{"href":"https:\/\/asso-antenne.fr\/index.php?rest_route=\/wp\/v2\/pages\/109","targetHints":{"allow":["GET"]}}],"collection":[{"href":"https:\/\/asso-antenne.fr\/index.php?rest_route=\/wp\/v2\/pages"}],"about":[{"href":"https:\/\/asso-antenne.fr\/index.php?rest_route=\/wp\/v2\/types\/page"}],"author":[{"embeddable":true,"href":"https:\/\/asso-antenne.fr\/index.php?rest_route=\/wp\/v2\/users\/1"}],"replies":[{"embeddable":true,"href":"https:\/\/asso-antenne.fr\/index.php?rest_route=%2Fwp%2Fv2%2Fcomments&post=109"}],"version-history":[{"count":6,"href":"https:\/\/asso-antenne.fr\/index.php?rest_route=\/wp\/v2\/pages\/109\/revisions"}],"predecessor-version":[{"id":313,"href":"https:\/\/asso-antenne.fr\/index.php?rest_route=\/wp\/v2\/pages\/109\/revisions\/313"}],"wp:attachment":[{"href":"https:\/\/asso-antenne.fr\/index.php?rest_route=%2Fwp%2Fv2%2Fmedia&parent=109"}],"curies":[{"name":"wp","href":"https:\/\/api.w.org\/{rel}","templated":true}]}}

<p style="text-align: justify;"><span style="font-family: arial, helvetica, sans-serif;"><img loading="lazy" decoding="async" class="size-medium wp-image-310 alignleft" src="http://asso-antenne.fr/wp-content/uploads/2018/05/justice-300x184.jpg" alt="" width="300" height="184" srcset="https://asso-antenne.fr/wp-content/uploads/2018/05/justice-300x184.jpg 300w, https://asso-antenne.fr/wp-content/uploads/2018/05/justice-360x221.jpg 360w, https://asso-antenne.fr/wp-content/uploads/2018/05/justice.jpg 761w" sizes="auto, (max-width: 300px) 100vw, 300px" />Cette mission est à l&rsquo;origine de la création de l&rsquo;association Antenne. Les personnes sortant d&rsquo;incarcération ou placées sous main de justice sont une part importante du public accompagné par Antenne. </span></p>
<p style="text-align: justify;"><span style="font-family: arial, helvetica, sans-serif;">Pas moins de deux services présents sur le quartier de la Meinau à Strasbourg sont mobilisés autour de la réinsertion sociale et professionnelle ainsi que de la prévention de la récidive des personnes ayant un passé judiciaire. Fort d&rsquo;une expérience de 45 ans dans la prise en charge et l&rsquo;accompagnement de ce public, nous occupons aujourd&rsquo;hui une place importante dans l&rsquo;action départementale et régionale judiciaire en tant que relais des politiques publiques liées à la Justice.</span></p>

<p>Cette mission est à l&rsquo;origine de la création de l&rsquo;association Antenne. Les personnes sortant d&rsquo;incarcération ou placées sous main de justice sont une part importante du public accompagné par Antenne. Pas moins de deux services présents sur le quartier de&hellip;&nbsp;<a href="https://asso-antenne.fr/?page_id=109" class="more-link">Lire la suite</a></p>
